{"id":186,"date":"2026-03-08T18:33:05","date_gmt":"2026-03-08T18:33:05","guid":{"rendered":"http:\/\/jika-ceramiste.com\/?page_id=186"},"modified":"2026-03-24T18:57:35","modified_gmt":"2026-03-24T18:57:35","slug":"inspiration","status":"publish","type":"page","link":"https:\/\/jika-ceramiste.com\/index.php\/inspiration\/","title":{"rendered":"Inspiration"},"content":{"rendered":"\n<blockquote class=\"wp-block-quote is-layout-flow wp-block-quote-is-layout-flow\" data-block-type=\"core\">\n<p class=\"has-medium-font-size\" data-block-type=\"core\"><strong><span style=\"color: #cf2e2e;\" class=\"stk-highlight\">J&rsquo;aime vivre les quatre saisons, la mani\u00e8re dont chaque jour me rapproche un peu plus de quelque chose de vrai.<\/span><\/strong><\/p>\n<\/blockquote>\n\n\n\n<div class=\"wp-block-stackable-icon-list stk-block-icon-list has-text-align-center stk-block stk-4a6999d\" data-block-id=\"4a6999d\"><style>.stk-4a6999d .stk-block-icon-list-item__content{gap:0px !important;margin-inline:0 auto !important;}.stk-4a6999d {--stk-icon-list-column-count:2 !important;--stk-icon-list-column-gap:30px !important;--stk-icon-list-row-gap:10px !important;--stk-icon-list-icon-opacity:0 !important;margin-bottom:0px !important;}.stk-4a6999d .stk-block-icon-list__group{margin-inline:auto !important;}.stk-4a6999d .wp-block-stackable-icon-list-item:not(:nth-last-child(-n + 1))::after{border-bottom-style:dotted !important;border-width:1px !important;}.stk-4a6999d ul li, .stk-4a6999d ol li, .stk-4a6999d ul li span, .stk-4a6999d ol li span{line-height:2em !important;}<\/style><svg style=\"display:none\"><defs><g id=\"stk-icon-list__icon-svg-def-4a6999d\"><svg xmlns=\"http:\/\/www.w3.org\/2000\/svg\" viewBox=\"0 0 190 190\"><polygon points=\"173.8,28.4 60.4,141.8 15.7,97.2 5.1,107.8 60.4,163 184.4,39 173.8,28.4\"\/><\/svg><\/g><\/defs><\/svg><div class=\"stk-block-icon-list__ul stk-block-icon-list--column\"><ul class=\"stk-block-icon-list__group\">\n<li class=\"wp-block-stackable-icon-list-item stk-block-icon-list-item stk-block stk-f2181f6\" data-block-id=\"f2181f6\"><style>.stk-f2181f6 .stk-block-icon-list-item__text{text-shadow:none !important;font-size:15px !important;font-family:Inter, Roboto, 'Helvetica Neue', 'Arial Nova', 'Nimbus Sans', Arial, sans-serif !important;}@media screen and (max-width: 1023px){.stk-f2181f6 .stk-block-icon-list-item__text{font-size:15px !important;}}<\/style><div class=\"stk-block-icon-list-item__content\"><span class=\"stk--svg-wrapper\"><div class=\"stk--inner-svg\"><svg aria-hidden=\"true\" width=\"32\" height=\"32\"><use xlink:href=\"#stk-icon-list__icon-svg-def-4a6999d\"><\/use><\/svg><\/div><\/span><span class=\"stk-block-icon-list-item__text\">Je suis impressionn\u00e9 par l&rsquo;innocence et la simplicit\u00e9 apparente de <strong><span style=\"color: #0693e3;\" class=\"stk-highlight\">Fernand LEGER<\/span><\/strong>, l&rsquo;audace de <strong><span style=\"color: #0693e3;\" class=\"stk-highlight\">Pablo PICASSO<\/span><\/strong>, le g\u00e9nie des myst\u00e8res insondables d&rsquo;<strong><span style=\"color: #0693e3;\" class=\"stk-highlight\">Alberto GIACOMETTI<\/span><\/strong>, les d\u00e9lires symboliques de <strong><span style=\"color: #0693e3;\" class=\"stk-highlight\">Salvador DALI<\/span><\/strong>, la nature sensible de <span style=\"color: #0693e3;\" class=\"stk-highlight\"><strong>Niki de SAINT PHALLE<\/strong><\/span>, les r\u00eaveries surr\u00e9alistes de <strong><span style=\"color: #0693e3;\" class=\"stk-highlight\">Ren\u00e9 MAGRITTE<\/span><\/strong>.<\/span><\/div><\/li>\n\n\n\n<li class=\"wp-block-stackable-icon-list-item stk-block-icon-list-item stk-block stk-9b85942\" data-block-id=\"9b85942\"><style>.stk-9b85942 .stk-block-icon-list-item__text{font-size:15px !important;font-weight:normal !important;font-family:Inter, Roboto, 'Helvetica Neue', 'Arial Nova', 'Nimbus Sans', Arial, sans-serif !important;}@media screen and (max-width: 1023px){.stk-9b85942 .stk-block-icon-list-item__text{font-size:15px !important;}}<\/style><div class=\"stk-block-icon-list-item__content\"><span class=\"stk--svg-wrapper\"><div class=\"stk--inner-svg\"><svg aria-hidden=\"true\" width=\"32\" height=\"32\"><use xlink:href=\"#stk-icon-list__icon-svg-def-4a6999d\"><\/use><\/svg><\/div><\/span><span class=\"stk-block-icon-list-item__text\">J&rsquo;adore les extr\u00eames, les changements et l&rsquo;impr\u00e9visibilit\u00e9, quelque chose totalement hors de contr\u00f4le, mais qui me pousse, m&rsquo;inspire et me d\u00e9fie de cr\u00e9er ce dont j&rsquo;ai envie.&nbsp; Je suis, \u00e0 la fois, fascin\u00e9 par les lignes courbes et saillantes des objets. Chaque sculpture est une nouvelle opportunit\u00e9 pour moi de tendre vers la ligne heureuse. Des formes simples, mais aussi tortur\u00e9es et complexes, des courbes gracieuses et des textures d\u00e9finissent mes cr\u00e9ations.<\/span><\/div><\/li>\n\n\n\n<li class=\"wp-block-stackable-icon-list-item stk-block-icon-list-item stk-block stk-242c3d6\" data-block-id=\"242c3d6\"><style>.stk-242c3d6 .stk-block-icon-list-item__text{font-size:15px !important;font-family:Inter, Roboto, 'Helvetica Neue', 'Arial Nova', 'Nimbus Sans', Arial, sans-serif !important;}@media screen and (max-width: 1023px){.stk-242c3d6 .stk-block-icon-list-item__text{font-size:15px !important;}}<\/style><div class=\"stk-block-icon-list-item__content\"><span class=\"stk--svg-wrapper\"><div class=\"stk--inner-svg\"><svg aria-hidden=\"true\" width=\"32\" height=\"32\"><use xlink:href=\"#stk-icon-list__icon-svg-def-4a6999d\"><\/use><\/svg><\/div><\/span><span class=\"stk-block-icon-list-item__text\">Je fa\u00e7onne le gr\u00e8s comme on accueille une m\u00e9moire. Mes sculptures naissent d\u2019un dialogue lent et intuitif avec la terre :&nbsp; une exploration des formes, des tensions, des silences enfouis.<\/span><\/div><\/li>\n\n\n\n<li class=\"wp-block-stackable-icon-list-item stk-block-icon-list-item stk-block stk-8901aeb\" data-block-id=\"8901aeb\"><style>.stk-8901aeb .stk-block-icon-list-item__text{font-size:15px !important;font-family:Inter, Roboto, 'Helvetica Neue', 'Arial Nova', 'Nimbus Sans', Arial, sans-serif !important;}@media screen and (max-width: 1023px){.stk-8901aeb .stk-block-icon-list-item__text{font-size:15px !important;}}<\/style><div class=\"stk-block-icon-list-item__content\"><span class=\"stk--svg-wrapper\"><div class=\"stk--inner-svg\"><svg aria-hidden=\"true\" width=\"32\" height=\"32\"><use xlink:href=\"#stk-icon-list__icon-svg-def-4a6999d\"><\/use><\/svg><\/div><\/span><span class=\"stk-block-icon-list-item__text\">&nbsp;J&rsquo;interpr\u00e8te le monde comme je le vois, comme je le veux : simple, \u00e9pur\u00e9, myst\u00e9rieux et joyeux. Chaque pi\u00e8ce est le fruit d&rsquo;une r\u00e9flexion sur la mati\u00e8re, le mouvement et l&rsquo;\u00e9motion. \u00ab&nbsp;La mati\u00e8re me parle si je prends le temps de l\u2019\u00e9couter. \u00bb<\/span><\/div><\/li>\n\n\n\n<li class=\"wp-block-stackable-icon-list-item stk-block-icon-list-item stk-block stk-49425fc\" data-block-id=\"49425fc\"><style>.stk-49425fc .stk-block-icon-list-item__text{font-size:15px !important;font-family:Inter, Roboto, 'Helvetica Neue', 'Arial Nova', 'Nimbus Sans', Arial, sans-serif !important;}@media screen and (max-width: 1023px){.stk-49425fc .stk-block-icon-list-item__text{font-size:15px !important;}}<\/style><div class=\"stk-block-icon-list-item__content\"><span class=\"stk--svg-wrapper\"><div class=\"stk--inner-svg\"><svg aria-hidden=\"true\" width=\"32\" height=\"32\"><use xlink:href=\"#stk-icon-list__icon-svg-def-4a6999d\"><\/use><\/svg><\/div><\/span><span class=\"stk-block-icon-list-item__text\">Je m&rsquo;efforce de transmettre \u00e0 travers chaque \u0153uvre une \u00e9nergie singuli\u00e8re, un dialogue silencieux entre la sculpture et son spectateur. Les jeux de lumi\u00e8re, la diversit\u00e9 des textures et l&rsquo;\u00e9quilibre entre force et d\u00e9licatesse incarnent l&rsquo;essence de mon travail.<\/span><\/div><\/li>\n\n\n\n<li class=\"wp-block-stackable-icon-list-item stk-block-icon-list-item stk-block stk-975c8eb\" data-block-id=\"975c8eb\"><style>.stk-975c8eb .stk-block-icon-list-item__text{font-size:15px !important;font-family:Inter, Roboto, 'Helvetica Neue', 'Arial Nova', 'Nimbus Sans', Arial, sans-serif !important;}@media screen and (max-width: 1023px){.stk-975c8eb .stk-block-icon-list-item__text{font-size:15px !important;}}<\/style><div class=\"stk-block-icon-list-item__content\"><span class=\"stk--svg-wrapper\"><div class=\"stk--inner-svg\"><svg aria-hidden=\"true\" width=\"32\" height=\"32\"><use xlink:href=\"#stk-icon-list__icon-svg-def-4a6999d\"><\/use><\/svg><\/div><\/span><span class=\"stk-block-icon-list-item__text\">\u00c0 travers mes \u0153uvres, j&rsquo;invite le spectateur \u00e0 ralentir, \u00e0 ressentir, \u00e0 se laisser traverser par ce que le monde min\u00e9ral murmure.<\/span><\/div><\/li>\n<\/ul><\/div><\/div>\n\n\n\n<figure class=\"wp-block-pullquote has-vivid-cyan-blue-color has-text-color has-link-color has-medium-font-size wp-elements-0737a3683758329c233f6dedde5c8403\" style=\"border-style:none;border-width:0px;border-top-left-radius:97px;border-top-right-radius:97px;border-bottom-left-radius:97px;border-bottom-right-radius:97px\" data-block-type=\"core\"><blockquote><p><strong>Mon objectif, faire en sorte que chaque sculpture endosse sa vie propre, intrigue, fasse sourire ou pleurer, permette de sentir la vie, la vraie&#8230; Donner \u00e0 chacun de devenir acteur de l\u2019Art qu\u2019il m\u00e9rite.<\/strong><\/p><cite><strong>JIKA<\/strong><\/cite><\/blockquote><\/figure>\n","protected":false},"excerpt":{"rendered":"<div class=\"entry-summary\">\nJ&rsquo;aime vivre les quatre saisons, la mani\u00e8re dont chaque jour me rapproche un peu plus de quelque chose de vrai.&hellip;\n<\/div>\n<div class=\"link-more\"><a href=\"https:\/\/jika-ceramiste.com\/index.php\/inspiration\/\" class=\"more-link\">Continue reading<span class=\"screen-reader-text\"> &ldquo;Inspiration&rdquo;<\/span>&hellip;<\/a><\/div>\n","protected":false},"author":1,"featured_media":0,"parent":0,"menu_order":0,"comment_status":"closed","ping_status":"closed","template":"","meta":{"_monsterinsights_skip_tracking":false,"_monsterinsights_sitenote_active":false,"_monsterinsights_sitenote_note":"","_monsterinsights_sitenote_category":0,"footnotes":""},"class_list":["post-186","page","type-page","status-publish","hentry","entry"],"aioseo_notices":[],"jetpack_likes_enabled":true,"jetpack_sharing_enabled":true,"_links":{"self":[{"href":"https:\/\/jika-ceramiste.com\/index.php\/wp-json\/wp\/v2\/pages\/186","targetHints":{"allow":["GET"]}}],"collection":[{"href":"https:\/\/jika-ceramiste.com\/index.php\/wp-json\/wp\/v2\/pages"}],"about":[{"href":"https:\/\/jika-ceramiste.com\/index.php\/wp-json\/wp\/v2\/types\/page"}],"author":[{"embeddable":true,"href":"https:\/\/jika-ceramiste.com\/index.php\/wp-json\/wp\/v2\/users\/1"}],"replies":[{"embeddable":true,"href":"https:\/\/jika-ceramiste.com\/index.php\/wp-json\/wp\/v2\/comments?post=186"}],"version-history":[{"count":22,"href":"https:\/\/jika-ceramiste.com\/index.php\/wp-json\/wp\/v2\/pages\/186\/revisions"}],"predecessor-version":[{"id":903,"href":"https:\/\/jika-ceramiste.com\/index.php\/wp-json\/wp\/v2\/pages\/186\/revisions\/903"}],"wp:attachment":[{"href":"https:\/\/jika-ceramiste.com\/index.php\/wp-json\/wp\/v2\/media?parent=186"}],"curies":[{"name":"wp","href":"https:\/\/api.w.org\/{rel}","templated":true}]}}