{"id":562,"date":"2026-03-16T10:18:23","date_gmt":"2026-03-16T10:18:23","guid":{"rendered":"https:\/\/jika-ceramiste.com\/?page_id=562"},"modified":"2026-03-25T19:53:50","modified_gmt":"2026-03-25T19:53:50","slug":"accueil","status":"publish","type":"page","link":"https:\/\/jika-ceramiste.com\/","title":{"rendered":""},"content":{"rendered":"\n<div class=\"wp-block-stackable-subtitle stk-block-subtitle stk-block stk-ded0f83\" data-block-id=\"ded0f83\"><style>.stk-ded0f83 .stk-block-subtitle__text{font-size:25px !important;color:#0693e3 !important;font-family:Inter, Roboto, 'Helvetica Neue', 'Arial Nova', 'Nimbus Sans', Arial, sans-serif !important;}@media screen and (max-width: 1023px){.stk-ded0f83 .stk-block-subtitle__text{font-size:25px !important;}}<\/style><p class=\"stk-block-subtitle__text stk-subtitle has-text-color\">Bienvenue \u00e0 l&rsquo;atelier du Contraire<\/p><\/div>\n\n\n\n<div class=\"wp-block-group\" data-block-type=\"core\"><div class=\"wp-block-group__inner-container is-layout-constrained wp-block-group-is-layout-constrained\">\n<div class=\"wp-block-media-text is-stacked-on-mobile\" style=\"grid-template-columns:40% auto\" data-block-type=\"core\"><figure class=\"wp-block-media-text__media\"><img loading=\"lazy\" decoding=\"async\" width=\"313\" height=\"339\" src=\"https:\/\/jika-ceramiste.com\/wp-content\/uploads\/2026\/03\/cropped-cropped-cropped-cropped-titre_general2-1.png\" alt=\"\" class=\"wp-image-300 size-full\" srcset=\"https:\/\/jika-ceramiste.com\/wp-content\/uploads\/2026\/03\/cropped-cropped-cropped-cropped-titre_general2-1.png 313w, https:\/\/jika-ceramiste.com\/wp-content\/uploads\/2026\/03\/cropped-cropped-cropped-cropped-titre_general2-1-277x300.png 277w\" sizes=\"auto, (max-width: 313px) 100vw, 313px\" \/><\/figure><div class=\"wp-block-media-text__content\">\n<div class=\"wp-block-stackable-text stk-block-text stk-block stk-ffb512a\" data-block-id=\"ffb512a\"><style>.stk-ffb512a .stk-block-text__text{font-family:-apple-system, BlinkMacSystemFont, \"Segoe UI\", Roboto, Helvetica, Arial, sans-serif, \"Apple Color Emoji\", \"Segoe UI Emoji\", \"Segoe UI Symbol\" !important;}<\/style><p class=\"stk-block-text__text has-text-align-justify\"><span style=\"color: #0f0e17;\" class=\"stk-highlight\">C\u00e9ramiste d&rsquo;Art \u00e0 Vals-les-Bains, je cr\u00e9e des pi\u00e8ces uniques en c\u00e9ramique artisanale.<br>\u00c0 travers la terre, le feu et le geste, je fa\u00e7onne un univers sensible fait de mati\u00e8res, de formes et d\u2019\u00e9motions. <br>Chaque cr\u00e9ation na\u00eet d\u2019une recherche d\u2019\u00e9quilibre entre expression artistique, pr\u00e9sence min\u00e9rale et po\u00e9sie du vivant.<br><br>Dans mon atelier \u00e0 Vals-les-Bains, je r\u00e9alise des c\u00e9ramiques artisanales, des sculptures et des objets d\u2019art pens\u00e9s comme des pi\u00e8ces singuli\u00e8res. <br>Mon travail s\u2019inscrit dans une d\u00e9marche \u00e0 la fois intuitive et exigeante, o\u00f9 la mati\u00e8re r\u00e9v\u00e8le sa force, ses textures et sa lumi\u00e8re.<\/span><\/p><\/div>\n<\/div><\/div>\n<\/div><\/div>\n","protected":false},"excerpt":{"rendered":"<div class=\"entry-summary\">\nBienvenue \u00e0 l&rsquo;atelier du Contraire C\u00e9ramiste d&rsquo;Art \u00e0 Vals-les-Bains, je cr\u00e9e des pi\u00e8ces uniques en c\u00e9ramique artisanale.\u00c0 travers la terre,&hellip;\n<\/div>\n<div class=\"link-more\"><a href=\"https:\/\/jika-ceramiste.com\/\" class=\"more-link\">Continue reading&hellip;<\/a><\/div>\n","protected":false},"author":1,"featured_media":0,"parent":0,"menu_order":0,"comment_status":"closed","ping_status":"closed","template":"page-template\/_front.php","meta":{"_monsterinsights_skip_tracking":false,"_monsterinsights_sitenote_active":false,"_monsterinsights_sitenote_note":"","_monsterinsights_sitenote_category":0,"footnotes":""},"class_list":["post-562","page","type-page","status-publish","hentry","entry"],"aioseo_notices":[],"jetpack_likes_enabled":true,"jetpack_sharing_enabled":true,"_links":{"self":[{"href":"https:\/\/jika-ceramiste.com\/index.php\/wp-json\/wp\/v2\/pages\/562","targetHints":{"allow":["GET"]}}],"collection":[{"href":"https:\/\/jika-ceramiste.com\/index.php\/wp-json\/wp\/v2\/pages"}],"about":[{"href":"https:\/\/jika-ceramiste.com\/index.php\/wp-json\/wp\/v2\/types\/page"}],"author":[{"embeddable":true,"href":"https:\/\/jika-ceramiste.com\/index.php\/wp-json\/wp\/v2\/users\/1"}],"replies":[{"embeddable":true,"href":"https:\/\/jika-ceramiste.com\/index.php\/wp-json\/wp\/v2\/comments?post=562"}],"version-history":[{"count":53,"href":"https:\/\/jika-ceramiste.com\/index.php\/wp-json\/wp\/v2\/pages\/562\/revisions"}],"predecessor-version":[{"id":1027,"href":"https:\/\/jika-ceramiste.com\/index.php\/wp-json\/wp\/v2\/pages\/562\/revisions\/1027"}],"wp:attachment":[{"href":"https:\/\/jika-ceramiste.com\/index.php\/wp-json\/wp\/v2\/media?parent=562"}],"curies":[{"name":"wp","href":"https:\/\/api.w.org\/{rel}","templated":true}]}}